MONTHLY CLIMATOLOGICAL SUMMARY for NOV. 2020

NAME: SE Lincoln Weather   CITY: Lincoln STATE: NE
ELEV: 1240 LAT: 040:47:26 LONG: 0096:37:54

                            TEMPERATURE ( F), RAIN (in.), WIND SPEED (mph)

                                               HEAT     COOL           AVG
      MEAN                                     DEG      DEG            WIND                      DOM
DAY   TEMP    HIGH   TIME     LOW    TIME      DAYS     DAYS    RAIN   SPEED   HIGH    TIME      DIR
--------------------------------------------------------------------------------------------------------
01    42.7   053.3   15:18    34.1   07:34     22.3     00.0   00.00   001     015    01:59     NNW
02    50.6   071.9   15:25    37.0   07:28     14.3     00.0   00.00   002     013    09:13      SW
03    62.6   082.9   15:42    45.3   00:54     02.3     00.0   00.00   003     018    16:33      SW
04    61.0   078.7   14:57    48.6   07:42     03.9     00.0   00.00   003     012    15:31      SW
05    58.0   077.9   15:01    40.2   07:33     07.0     00.0   00.00   001     008    13:37      E 
06    62.0   077.5   14:17    48.4   05:44     03.0     00.0   00.00   004     020    15:12      S 
07    65.1   075.7   14:21    57.6   07:12     00.0     00.2   00.00   007     025    20:30      S 
08    65.5   074.3   14:32    56.4   06:18     00.0     00.6   00.00   009     032    11:57     SSE
09    51.6   068.5   11:58    32.6   23:27     13.4     00.0   00.08   005     026    03:54      S 
10    31.4   032.9   00:10    26.8   23:19     33.6     00.0   00.70   002     016    00:51      NW
11    40.6   055.9   15:20    26.9   00:19     24.4     00.0   00.00   002     017    13:46     WSW
12    34.3   043.3   00:09    22.8   00:00     30.6     00.0   00.00   002     017    10:38      NW
13    33.5   046.5   15:16    20.6   04:24     31.4     00.0   00.00   004     023    14:12      S 
14    47.5   056.5   14:37    37.3   01:48     17.4     00.0   00.02   004     026    22:30      SW
15    42.1   053.1   14:55    34.3   22:41     22.8     00.0   00.00   004     023    12:08     WNW
16    45.4   063.3   13:41    32.5   01:16     19.5     00.0   00.00   002     014    15:34     WNW
17    45.3   060.4   15:23    30.7   04:44     19.7     00.0   00.00   004     021    15:23      SE
18    59.8   070.5   15:19    49.0   00:05     05.2     00.0   00.00   007     024    21:00      S 
19    60.8   076.2   14:42    44.8   00:00     04.1     00.0   00.00   003     018    01:13      SW
20    49.1   059.9   14:45    42.6   07:50     15.8     00.0   00.00   001     013    14:07      NE
21    42.5   047.2   15:24    37.0   06:06     22.4     00.0   00.00   002     014    12:29     ESE
22    42.5   054.3   14:40    28.8   00:00     22.4     00.0   00.00   002     015    15:03     WNW
23    35.6   039.6   08:45    26.3   03:49     29.3     00.0   00.06   005     024    17:05      SE
24    41.2   044.9   12:17    35.5   00:00     23.8     00.0   00.19   003     016    01:32     ENE
25    34.9   039.8   15:12    30.3   19:38     30.0     00.0   00.00   002     015    03:29      NW
26    39.1   050.6   13:06    32.4   07:55     25.9     00.0   00.00   002     013    15:28     WNW
27    39.3   054.3   14:25    27.4   07:53     25.7     00.0   00.00   001     012    16:17      W 
28    44.4   058.9   14:10    34.0   00:53     20.5     00.0   00.00   003     020    15:53      SW
--------------------------------------------------------------------------------------------------------
47.4 (48.0)   82.9  day 03     20.6  day 13   490.6    000.8   01.05   03.2     032   day 08     SSW
Min <=  86: 28
Min <=  23: 2
Max Rain: 0.70 ON 10-11-20
Days of Rain: 5 (> .008in) 2 (> .08in) 0 (> 0.8in)